at is 4 + 1101013413?
1101013422
In base 7, what is 5211 - -14115?
22326
In base 7, what is -1035 - -342226?
341161
In base 12, what is -155b7b + 1851?
-15432a
In base 3, what is 10102001011010 + 100?
10102001011110
In base 12, what is 13 - 2060180?
-2060169
In base 11, what is -209 + -19289?
-19497
In base 11, what is 2a77303 + 17?
2a7731a
In base 3, what is -1 - -212002000012?
212002000011
In base 16, what is db40 - 379?
d7c7
In base 3, what is -12212022101 + 12221?
-12212002110
In base 12, what is 32ab03 - -4a?
32ab51
In base 11, what is 5 + -2315153?
-2315149
In base 2, what is -100 + -1010111000010011100100011?
-1010111000010011100100111
In base 2, what is 110011001001101011000101000 + 100?
110011001001101011000101100
In base 10, what is -11058 - -455?
-10603
In base 8, what is 256171 - 103?
256066
In base 2, what is -111000100001111100001110010 - -101?
-111000100001111100001101101
In base 14, what is -249a02 - -d?
-2499d3
In base 8, what is 1546762212 + 4?
1546762216
In base 2, what is -10010000 + 1000010001010011101?
1000010001000001101
In base 2, what is -11100010011 - -11100100101110010?
11100001001011111
In base 8, what is 136145462 - -4?
136145466
In base 14, what is -192a71 - -5?
-192a6a
In base 14, what is -280c19 - -12?
-280c07
In base 7, what is -1 + 122255164?
122255163
In base 2, what is 11001010000101 + 10011110110?
11011101111011
In base 14, what is -29d - -10253?
dd94
In base 16, what is -d98 + -b42?
-18da
In base 14, what is -15c + c9?
-73
In base 13, what is 3934b3 - b3?
393400
In base 4, what is -2200123 + 21211000?
13010211
In base 6, what is -2 - -1104415513?
1104415511
In base 10, what is 2663 + -382237?
-379574
In base 4, what is -1022322 - -113330?
-302332
In base 12, what is 2 - -23b37329?
23b3732b
In base 13, what is 35 + -6585b?
-65826
In base 6, what is 423 + -253140?
-252313
In base 8, what is -45 - 313201?
-313246
In base 5, what is -102 - -3400204103?
3400204001
In base 15, what is 133c47 + -d?
133c39
In base 10, what is -2376280 + -7?
-2376287
In base 6, what is 1444355224 + 25?
1444355253
In base 10, what is 278631 - 217?
278414
In base 6, what is -4552 + -143420?
-152412
In base 11, what is -488 - 9461?
-9939
In base 3, what is -20 + 120200022120210?
120200022120120
In base 6, what is -113235111 + 3?
-113235104
In base 9, what is -2 + 43067605?
43067603
In base 5, what is 11004321 + -13?
11004303
In base 4, what is -2100030230 + -201013?
-2100231303
In base 8, what is -10 - 37401304?
-37401314
In base 11, what is -1 + 35777284?
35777283
In base 12, what is -1121a + -247b?
-13699
In base 11, what is 27aa53 - 10?
27aa43
In base 4, what is 2101 + -20210203?
-20202102
In base 7, what is 235261 - 1224?
234034
In base 4, what is -1321 - 22110120002?
-22110121323
In base 15, what is 114b - bcb?
470
In base 3, what is -10111202122 + -210021?
-10112112220
In base 11, what is 7 + -68a86542?
-68a86536
In base 15, what is 21d9 - -2ac?
2496
In base 16, what is -18715 - -31?
-186e4
In base 9, what is -101 + -276517?
-276618
In base 9, what is -16 - 6201146?
-6201163
In base 9, what is 3 - 15114212?
-15114208
In base 4, what is -113330 - -1231101?
1111111
In base 8, what is 16745602 + 675?
16746477
In base 6, what is -120541 + 42351?
-34150
In base 10, what is -9 + 703681?
703672
In base 11, what is 2 - 2766423?
-2766421
In base 2, what is -1000000101101000000110000011 - -11?
-1000000101101000000110000000
In base 13, what is -11743 - -c7a4?
-1c6c
In base 8, what is 263 + -36327?
-36044
In base 15, what is -409975 + 1ae?
-4097b6
In base 12, what is -1326 - 8089?
-93b3
In base 9, what is 4065 + -2736?
1228
In base 15, what is 408a8c - -1?
408a8d
In base 15, what is -359e + -aa?
-3659
In base 3, what is -12 - -12012211111001101?
12012211111001012
In base 8, what is -4 + 526405744?
526405740
In base 5, what is -1210144 - -1431?
-1203213
In base 6, what is -3 - -1354521225?
1354521222
In base 2, what is 1101111101111 + -11001001101?
1010110100010
In base 2, what is 1001100101111110 + -101100111?
1001100000010111
In base 11, what is 146 + 165150?
165296
In base 13, what is -180 - 105c?
-120c
In base 3, what is 1020 + 11120200111112?
11120200112202
In base 11, what is 8 + 306834?
306841
In base 14, what is -4 - -20301b0?
20301aa
In base 2, what is -10 - 1000100001100011010101?
-1000100001100011010111
In base 16, what is -32da6 + 72?
-32d34
In base 16, what is -7a - 69eb?
-6a65
In base 6, what is 1031 - -30212?
31243
In base 3, what is -11111001120122222202 - 10?
-11111001120122222212
In base 11, what is 3 - -16814371?
16814374
In base 9, what is -705210 + -68?
-705278
In base 12, what is -6 + 30b9543?
30b9539
In base 4, what is 33121113011 + -3?
33121113002
In base 4, what is 23301320023 - -210?
23301320233
In base 4, what is -2121013 + -2223323?
-11011002
In base 16, what is -24613f + -29?
-246168
In base 12, what is -6b02 - 11a6?
-80a8
In base 16, what is 2b - d140da?
-d140af
In base 16, what is 1f2efa + 2?
1f2efc
In base 15, what is -5 + 210d343?
210d33d
In base 10, what is 2902 - 214198?
-211296
In base 3, what is 22012212210 + -1001?
22012211202
In base 15, what is -22 + 2690709?
26906d7
In base 9, what is -3 + -23621534?
-23621537
In base 8, what is 364 - 13365477?
-13365113
In base 7, what is -51440463 - -3?
-51440460
In base 2, what is 1011001 + -10001000111110101000001?
-10001000111110011101000
In base 6, what is -22444120 + 445?
-22443231
In base 13, what is a792 + -2343?
844c
In base 12, what is -983 + -5490?
-6253
In base 9, what is -775240 + -178?
-775428
In base 9, what is -5 + -263201451?
-263201456
In base 13, what is 2 - -428564?
428566
In base 8, what is 1413 + 2410?
4023
In base 5, what is -32432002431 - -2?
-32432002424
In base 13, what is -3 + -9532488?
-953248b
In base 7, what is -5 - 1353211551?
-1353211556
In base 3, what is -12012211 + -211121?
-20001102
In base 11, what is -4a4554 - -a6?
-4a4459
In base 3, what is -121011222022 - 11101?
-121012010200
In base 8, what is -7 - -6426627?
6426620
In base 11, what is -14536 + -3?
-14539
In base 6, what is 431050 - -351444?
1222534
In base 15, what is -1dca + 769?
-1661
In base 7, what is -1203 + 44515?
43312
In base 2, what is 1111010010 + 111010000100?
1001001010110
In base 9, what is -651425 - 4?
-651430
In base 14, what is 2c - -6c8664?
6c8692
In base 7, what is -12 - -5025110643?
5025110631
In base 6, what is 132445200 + -13?
132445143
In base 14, what is 7ba - 64c49?
-6446d
In base 10, what is -176 - 24850?
-25026
In base 15, what is 6c - 6c5a?
-6bdd
In base 14, what is 3 - -7bd66?
7bd69
In base 15, what is 0 - -5930dae?
5930dae
In base 8, what is -6745153064 + -1?
-6745153065
In base 10, what is 153401107 - 2?
153401105
In base 16, what is 6 - -1a7f7?
1a7fd
In base 4, what is 22122212122 + -20?
22122212102
In base 5, what is -140213 - -13040113?
12344400
In base 5, what is 12340 + 34041?
101431
In base 15, what is 133832 - 3?
13382e
In base 15, what is 1a72a + 1ad?
1a8d8
In base 4, what is 1212330322320 + -2?
1212330322312
In base 2, what is 101001110000010110 - 1011010001?
101001100101000101
In base 8, what is -5 - -372321435?
372321430
In base 10, what is -64 + -54346?
-54410
In base 14, what is -2 - -2c593d9?
2c593d7
In base 15, what is -73cb + 51?
-737a
In base 10, what is 6 + -5023693?
-5023687
In base 13, what is 104 - -cb11?
cc15
In base 13, what is -5399307 + 0?
-5399307
In base 6, what is -12 + -1134242?
-1134254
In base 9, what is -155637 - 4384?
-161132
In base 10, what is -289525 + -632?
-290157
In base 14, what is 176c8 + 9?
176d3
In base 2, what is 101100111111 - 1110110100001?
-1001001100010
In base 2, what is -110011011110111000010 + -10?
-110011011110111000100
In base 8, what is 15 + -3455711?
-3455674
In base 10, what is 46 - 572428?
-572382
In base 2, what is -101110100100110010010111 + -10?
-101110100100110010011001
In base 14, what is 4ab336 + -47?
4ab2cd
In base 6, what is 534512251 + 1?
534512252
In base 14, what is -88c48 - -4?
-88c44
In base 6, what is 4 + -144135550?
-144135542
In base 4, what is -20 + 10031122122?
10031122102
In base 16, what is 1a13c + -73?
1a0c9
In base 13, what is 1ca443c + 9?
1ca4448
In base 5, what is -1324 - -3133414?
3132040
In base 16, what is -10778 - -b?
-1076d
In base 12, what is 2 + -347a5a1?